18
Let i(u) = -u**2 - 15*u + 43. Determine i(-18).
-11
Let b(v) = 67*v + 630. Calculate b(-7).
161
Let k(w) = -86*w + 140. Give k(5).
-290
Let r(i) = -i**3 - 14*i**2 + 4*i + 444. Calculate r(-9).
3
Let y(u) = -7789*u - 15584. Give y(-2).
-6
Let p(g) = -2*g**3 + 7*g**2 - 21*g + 145. What is p(6)?
-161
Let t(c) = -c**3 - 10*c**2 + 106*c + 310. Give t(8).
6
Let b(j) = 318*j - 25443. Determine b(80).
-3
Let o(n) = n**3 - 18*n**2 + 46*n - 97. Determine o(15).
-82
Let y(v) = 22*v**2 - 724*v + 12. Determine y(33).
78
Let b(y) = 11*y - 418. Give b(40).
22
Let k(n) = -58*n**2 + 4*n + 3. Give k(-2).
-237
Let l(x) = -2*x**3 + 3*x**2 + 53*x + 19. Give l(8).
-389
Let v(z) = -2*z**3 - 9*z**2 + 24*z + 119. Determine v(-4).
7
Let s(u) = 247*u - 32856. Give s(133).
-5
Let g(y) = -38*y + 714. Calculate g(19).
-8
Let c(z) = -z**3 - 118*z**2 - 674*z + 16. Calculate c(-6).
28
Let i(u) = -103*u + 11843. Give i(115).
-2
Let u(k) = -3*k**3 + 24*k**2 - 17*k - 22. Give u(8).
-158
Let b(m) = -m**3 + 51*m**2 - 42*m - 370. Calculate b(50).
30
Let m(k) = k**3 + 8*k**2 - 351*k - 2193. Give m(-6).
-15
Let n(q) = q**3 - 14*q**2 - 190*q + 163. Give n(-9).
10
Let c(w) = 2*w**3 - 66*w**2 + 14*w - 456. Calculate c(33).
6
Let b(x) = -x**3 + 59*x**2 + 694*x - 265. Determine b(69).
11
Let n(o) = 2*o**3 + 168*o**2 + 2*o + 92. Determine n(-84).
-76
Let i(b) = -40*b**2 + 3863*b + 1652. Calculate i(97).
3
Let j(h) = -h**3 - 7*h**2 - 4*h + 13. What is j(-9)?
211
Let d(p) = -92*p - 6340. What is d(-69)?
8
Let w(m) = 176*m + 870. What is w(-5)?
-10
Let g(u) = -4*u**3 - 37*u**2 - 7*u - 46. Give g(-9).
-64
Let i(d) = 6*d - 36. Calculate i(9).
18
Let r(p) = 150*p - 905. What is r(5)?
-155
Let s(b) = 96*b + 2970. Calculate s(-31).
-6
Let g(a) = -46*a**2 + 35*a + 83. Calculate g(-3).
-436
Let t(a) = 631*a + 8202. Determine t(-13).
-1
Let z(o) = 2*o**2 - 53*o - 391. Give z(-6).
-1
Let u(o) = -o**3 - 17*o**2 + 3*o + 630. Determine u(-14).
0
Let m(t) = 3*t**3 + 81*t**2 + 521*t + 14067. Calculate m(-27).
0
Let u(t) = -t**3 + 41*t**2 - 39*t - 7. Calculate u(40).
33
Let k(m) = -m**3 + 135*m**2 - 132*m - 263. Calculate k(134).
5
Let b(z) = -39*z - 221. Give b(-6).
13
Let i(s) = -20*s + 15. Calculate i(-2).
55
Let n(a) = a**2 - 306*a - 1555. What is n(-5)?
0
Let x(c) = c**2 - 32*c + 310. Determine x(0).
310
Let i(q) = 2*q**3 + 109*q**2 + 888*q - 20. What is i(-10)?
0
Let z(v) = -v**2 - 1653*v + 28381. What is z(17)?
-9
Let o(j) = -5*j**3 + 45*j**2 + 54*j - 19. Determine o(10).
21
Let k(j) = 2*j**3 - 35*j**2 + 17*j - 3. Calculate k(17).
-3
Let n(c) = -c**3 + 12*c**2 + 12*c + 3. Calculate n(5).
238
Let y(x) = 2907*x - 40722. Calculate y(14).
-24
Let a(h) = -h**3 - 15*h**2 - 55*h - 119. Give a(-11).
2
Let t(v) = -91*v + 680. Calculate t(7).
43
Let n(i) = -141*i**3 + i**2 - 2*i - 3. Give n(-1).
141
Let l(y) = y**3 - 52*y**2 + 520*y - 167. What is l(13)?
2
Let d(m) = -17*m**3 - 2*m**2 + 3. What is d(2)?
-141
Let k(v) = -v + 17. Calculate k(8).
9
Let z(b) = -b**3 + 19*b**2 + b - 33. Give z(19).
-14
Let l(g) = 4*g**2 + 332*g + 648. Give l(-81).
0
Let j(r) = -r**2 - r + 97. Determine j(11).
-35
Let j(h) = -6*h**3 - 50*h**2 + 2010*h - 313. Calculate j(-23).
9
Let s(n) = -2*n**2 + 34*n + 533. Give s(-21).
-1063
Let p(u) = 2*u**2 + 14*u - 5. Calculate p(4).
83
Let n(s) = s**3 + 6*s**2 - 56*s - 9. Give n(-11).
2
Let g(o) = 2*o**2 + 80*o - 267. What is g(-43)?
-9
Let g(w) = w**2 + 62*w - 121. Give g(-67).
214
Let m(x) = 5*x**2 + 444*x + 2610. What is m(-6)?
126
Let r(g) = 4*g**2 + 517*g - 1592. Determine r(3).
-5
Let r(g) = -4*g**2 + 28*g - 72. Give r(16).
-648
Let a(x) = 88*x - 1921. Determine a(21).
-73
Let f(r) = -r**3 - 64*r**2 - 66*r - 120. Determine f(-63).
69
Let d(l) = -449*l + 241. Calculate d(1).
-208
Let u(q) = -q**3 - 35*q**2 + 37*q + 46. Calculate u(-36).
10
Let a(f) = 2*f**3 - 221*f**2 - 557*f - 906. Calculate a(113).
-2
Let t(i) = -248*i - 112. What is t(2)?
-608
Let d(x) = -9*x + 435. What is d(4)?
399
Let z(f) = 590*f - 1129. What is z(2)?
51
Let c(h) = h**3 + h**2 - 91*h + 17. Give c(9).
8
Let b(y) = y**3 + 6*y**2 - 17*y - 108. Calculate b(-7).
-38
Let w(g) = 70*g**2 + 51*g - 114. What is w(2)?
268
Let c(n) = -n**2 + 14*n + 374. Determine c(28).
-18
Let m(h) = h**3 + 22*h**2 + 12*h + 71. Determine m(-22).
-193
Let q(g) = g**2 - 292*g - 1786. What is q(-6)?
2
Let d(z) = -739*z - 4444. What is d(-6)?
-10
Let c(u) = 15*u - 722. Give c(33).
-227
Let q(d) = -78*d + 36. Calculate q(2).
-120
Let m(l) = 4*l**3 - 19*l**2 + 14*l + 37. Determine m(7).
576
Let t(j) = 63*j + 6546. Determine t(-104).
-6
Let m(p) = p**2 - 27*p - 1720. Give m(-30).
-10
Let s(x) = 4*x**2 - x - 16. Calculate s(3).
17
Let g(y) = y**2 - 80*y - 161. What is g(-2)?
3
Let a(j) = -j**2 + 104*j - 2749. Calculate a(57).
-70
Let l(g) = g**3 - 29*g**2 + 38*g + 71. Determine l(28).
351
Let r(j) = 194*j - 3483. Give r(18).
9
Let s(j) = -j**3 + 5*j**2 + 2*j + 2. Give s(-2).
26
Let v(c) = -67*c**2 + 1118*c - 733. Determine v(16).
3
Let g(q) = 54*q + 54. Determine g(5).
324
Let x(w) = -w**2 - 121*w + 807. What is x(7)?
-89
Let v(b) = -4*b + 266. What is v(-26)?
370
Let u(k) = 365*k + 3986. What is u(-11)?
-29
Let j(l) = 5*l + 34. Calculate j(-4).
14
Let w(n) = -n**2 + 13*n - 40. What is w(5)?
0
Let l(h) = -36*h - 131. Give l(-3).
-23
Let i(m) = 7*m**2 - 160. Give i(-6).
92
Let s(x) = -x**3 + 19*x**2 + 14*x - 793. Determine s(16).
199
Let n(l) = l**3 - 35*l**2 + 268*l - 47. Calculate n(16).
-623
Let d(y) = 8*y + 19. Calculate d(-13).
-85
Let v(x) = x**3 + 33*x**2 + 79*x - 66. Give v(-30).
264
Let s(x) = -10*x**2 + 52*x + 25. Determine s(9).
-317
Let o(f) = 220*f + 1134. What is o(-7)?
-406
Let i(n) = 2*n**3 - 26*n**2 + 40*n + 36. Give i(11).
-8
Let p(s) = -2*s**2 - 19*s - 59. Determine p(-11).
-92
Let g(z) = -z**3 - 18*z**2 - 23*z + 151. Determine g(-16).
7
Let y(r) = 4*r**2 - 59*r - 895. Determine y(24).
-7
Let j(l) = -l**3 - 15*l**2 + 36*l + 69. Determine j(-17).
35
Let c(j) = j**3 - 14*j**2 - 7*j + 21. What is c(1)?
1
Let d(w) = 2*w**3 + 221*w**2 + 99*w - 1208. What is d(-110)?
2
Let c(a) = 25*a - 808. Calculate c(32).
-8
Let w(k) = -802*k - 7191. Determine w(-9).
27
Let p(x) = -3*x**3 + 36*x**2 + 14*x - 152. Determine p(12).
16
Let g(r) = 248*r - 49105. Calculate g(198).
-1
Let l(t) = t**3 + 152*t**2 - 462*t + 480. Calculate l(-155).
15
Let j(p) = -p**3 - 6*p**2 + 19*p + 42. Determine j(-7).
-42
Let l(x) = -64*x - 1698. Determine l(-26).
-34
Let z(n) = -n**3 + 15*n**2 - 48*n + 312. Give z(13).
26
Let t(d) = 3*d**3 - 53*d**2 + 31*d + 28. Calculate t(17).
-23
Let i(s) = 57*s - 32. Determine i(-3).
-203
Let z(j) = -203*j - 35728. Give z(-176).
0
Let h(c) = 15*c + 293. Calculate h(-19).
8
Let c(i) = -11*i**3 + 3*i**2 - 15*i - 63. What is c(-4)?
749
Let y(f) = -f**3 - 13*f**2 + 6*f - 57. Calculate y(-15).
303
Let y(l) = 12*l - 207. Give y(22).
57
Let q(a) = -a**3 + 53*a**2 - 647*a + 8. Give q(34).
-26
Let q(d) = 16*d**2 - 221*d + 334. What is q(12)?
-14
Let p(u) = -4*u**3 - u + 7. Determine p(-2).
41
Let m(i) = 3*i**2 - 46*i + 132. What is m(6)?
-36
Let d(w) = -w**3 + 10*w**2 + 9*w + 75. Give d(11).
53
Let a(s) = -176*s + 174. Give a(2).
-178
Let l(v) = -v**3 + 39*v**2 - 74*v + 1. What is l(37)?
1
Let y(n) = -125*n - 92. Calculate y(-2).
158
Let n(k) = 23*k - 8. Give n(3).
61
Let q(r) = 1499*r + 13490. Calculate q(-9).
-1
Let h(k) = 3*k**3 - 5*k**2 + 11*k - 13. Give h(3).
56
Let m(k) = 30*k**2 + 6*k + 1. Give m(-1).
25
Let v(w) = 72*w + 1731. Calculate v(-24).
3
Let m(y) = -2*y**2 + 105*y - 925. Give m(42).
-43
Let w(g) = -2*g**2 + 52*g + 18. What is w(28)?
-94
Let b(x) = 3*x**2 - 32*x + 29. Give b(11).
40
Let g(x) = 98*x + 3030. What is g(-32)?
-106
Let j(c) = 27*c + 12. Give j(-13).
-339
Let h(g) = 199*g - 5775. What is h(29)?
-4
Let y(f) = -2*f - 83. Determine y(-21).
-41
Let f(d) = 1749*d + 5229. Determine f(-3).
-18
Let q(l) = -4*l**2 - 306*l - 305. Determine q(-1).
-3
Let u(t) = -10*t - 22. Calculate u(-3).
8
Let j(v) = 81*v - 288. Give j(4).
36
Let x(m) = -2*m**3 - 18*m**2 + 4*m + 27. What is x(-9)?
-9
Let i(z) = 2*z**3 + 4*z**2 - 5*z - 28. Determine i(-3).
-31
Let i(a) = -1409*a + 5630. Give i(4).
-6
Let k(p) = -p**2 - 12*p + 6571. Calculate k(75).
46
Let i(d) = 135*d + 980. Calculate i(-7).
35
Let x(s) = -s**3 - 221*s**2 - 219*s + 210